+ d - 0*d + 15, 2*p = 3*d + 34. Let v(q) = q**3 - 9*q**2 + 21*q + 2. What are the prime factors of v(p)?
5, 19
Let p = -10 + 80. Let s(o) = -o**2 + 11*o + 3. Let h be s(11). Suppose y - p = -3*d, 2*y - 104 = 6*d - h*d. What are the prime factors of y?
2, 29
Let o(b) = b**3 + 47*b**2 - 40*b + 46. List the prime factors of o(-44).
2, 3, 47
Let z(f) = -145*f**2 - 12*f + 17. Let p be z(2). Let n = -371 - p. List the prime factors of n.
2, 3
Suppose 9 = -2*j + 1. Let i be (-9)/2 - j - (-2)/4. What are the prime factors of -2 - 2 - i - 192/(-2)?
2, 23
Let r(q) = q**2 + 6*q. Let l be r(-9). Let j = 201 - l. Suppose -11*v + j = -8*v. List the prime factors of v.
2, 29
Suppose -13929 = -j + 2*k - 311, -2*j = -3*k - 27238. List the prime factors of j.
2, 7, 139
Let f(v) = 4744*v + 6609. List the prime factors of f(10).
54049
What are the prime factors of 7 + (8 - 32) + 1680?
1663
Let p(i) = 51*i + 92. Let v(s) = 50*s + 94. Let h(g) = -3*p(g) + 2*v(g). What are the prime factors of h(-7)?
283
Suppose i - p - 35489 + 6264 = 0, -116902 = -4*i + 3*p. What are the prime factors of i?
11, 2657
Let a(w) = -2*w + 15. Let y be a(9). What are the prime factors of 6/(-21) + (12300/28 - y)?
2, 13, 17
Suppose 9 - 25 = 4*k. Let d = k + 67. What are the prime factors of 1699/7 - (-18)/d?
3
Let a = 4547 + 10958. List the prime factors of a.
5, 7, 443
Let d(b) = -3*b - 1. Let g be d(-2). Suppose 2*j - 1988 = t, 5*t + 2038 + 2927 = g*j. What are the prime factors of j?
5, 199
Let y = -88 + 109. Let d = y + -15. Let c(m) = 6*m**2 + m + 32. List the prime factors of c(d).
2, 127
Let u(o) = o**2 + o - 2. Let v(p) = -p**3 + 34*p**2 + 31*p + 83. Let j(x) = 5*u(x) - v(x). What are the prime factors of j(30)?
3
Let b(j) = 220*j + 130. Let i be b(11). Suppose 4*a - i = -5*k, -a + 2550 = 5*k - 6*a. List the prime factors of k.
2, 3, 5, 17
Let z(b) = -7*b**3 - 10*b**2 + 193*b - 269. List the prime factors of z(-18).
43, 787
Let j(i) = -360*i + 1199. What are the prime factors of j(-13)?
5879
Let q(i) be the second derivative of 5*i**3/3 - 9*i**2/2 - 18*i. Let y be q(3). Let m = y + 26. List the prime factors of m.
47
Let m(i) = -5*i**2 + 7*i - 14. Let u(l) = l**2. Let y(r) = m(r) + 6*u(r). Let w be y(-11). Let t = w + 152. What are the prime factors of t?
2, 7, 13
Suppose 0 = 5*t + 1272 + 143. Let k = -174 - t. Let c = k - -7. List the prime factors of c.
2, 29
Suppose 70 = 49*o - 39*o. Suppose 0 = -f - 4*q + 25, 3*f = -0*f - 2*q + 25. Suppose -f*b + 28 + o = 0. List the prime factors of b.
7
Let p(h) = -2*h**3 + 14*h - 7. Let l be p(-7). Let f = l + -403. List the prime factors of f.
2, 89
Let c be 13/(-39) - 5/6*194. Let m = -76 - c. Let x = m + 83. List the prime factors of x.
13
Let t be (-44)/(2/6*-2). Let m = -40 + 3. Let j = m + t. What are the prime factors of j?
29
Suppose -12532 = -p + 3*r, -4*p + 50073 = -11*r + 10*r. What are the prime factors of p?
12517
Suppose 0 = i + 5*o + 5, 82*o - 87*o + 35 = 5*i. What are the prime factors of (533/(-2))/(5/i)*-1?
13, 41
Let c = 1243 - -3131. Suppose -2*n = x - 2935 + 19, -3*n - 5*x = -c. List the prime factors of n.
2, 3
Let w(a) = 202*a**2 + 299*a + 3494. What are the prime factors of w(-13)?
5, 17, 397
Let n be 0/(0 + 3) - (0 + 1). List the prime factors of 1471 + 5 + -7 + n.
2, 367
List the prime factors of (-1817230)/(-161) - (2 + 78/(-42)).
11287
Suppose -2*a - 4*f = -720, a - 5*f = -0*f + 374. Let b be 58*-1*(-7 - 52/(-8)). Suppose -a = -33*y + b*y. List the prime factors of y.
7, 13
Let d be (-10)/60 - 1165/(-6). Suppose d = 2*o - 100. List the prime factors of o.
3, 7
Suppose 8 = 3*l - 28. Suppose 15*o - 108 = l*o. Suppose 2 = -m + o. List the prime factors of m.
2, 17
Let k = -8317 - -11182. List the prime factors of k.
3, 5, 191
Let p = -41 + 10. What are the prime factors of ((-129)/(-2))/(p/(-434))?
3, 7, 43
Let a be (7 - (-1537)/(-5)) + 6/15. Let z = 12 - a. What are the prime factors of z?
2, 3, 13
Let d(i) be the second derivative of i**5/20 + 2*i**4/3 - 13*i**3/6 + 25*i**2/2 - 4*i + 2. What are the prime factors of d(-7)?
3, 5, 11
Suppose 0 = m - 3*o, -4*m - m - 16 = o. Let k = -1229 + 1214. Let l = m - k. List the prime factors of l.
2, 3
Let a be ((-16)/20)/(2/10). Let o be (5/10)/(a/80). List the prime factors of o*((-4)/(-10) + (-6 - 2)).
2, 19
Let p = -11630 - -28931. What are the prime factors of p?
3, 73, 79
Suppose 2*m = 4*x - 3316, 0*m - 2*m + 3*x - 3317 = 0. Let n = 3327 + m. Suppose n + 1270 = 11*t. What are the prime factors of t?
3, 89
List the prime factors of (-1052)/5*9175/(-90) + (-177)/1593.
89, 241
Suppose 0 = 2*a + c - 5, -5*a - 7*c + 15 = -2*c. Suppose -1190 = -5*d - 2*r + 984, -a*r = 4*d - 1738. List the prime factors of d.
2, 109
What are the prime factors of ((-45)/(-35) - (-4)/(-14))*(-42 + 44969)?
44927
Let c(j) = -1202*j - 456. List the prime factors of c(-5).
2, 2777
Let d = -29 - -17. Let m be -1210*((-18)/5)/((-4)/d). What are the prime factors of (-4)/(-14) - m/(-126)?
2, 13
Suppose -5*l - 2*d = -23, d + 3*d - 22 = -2*l. Let n(s) = -13*s**3 - 48*s - 2 + 97*s + 39*s**l - 45*s. List the prime factors of n(2).
2, 107
Let t = 780 + -777. Let j(c) = c + 8. Let u be j(-6). List the prime factors of (-1344)/(-72)*t/u.
2, 7
Suppose 3*t = -10*v + 15*v + 17894, 0 = -3*t - 3*v + 17910. List the prime factors of t.
2, 373
Let y = 19064 + -11099. What are the prime factors of (-6)/(-21) - y/70*-6?
683
Suppose -2*v - 7 + 15 = 0. Let c be 15/(-25)*(-20)/3. Suppose v*u = c*w - 144, 4*w - 2*u = -28 + 168. What are the prime factors of w?
2, 17
Suppose 4*c + 53 = -b, 0*c + 5*c = -5. Let p = -45 - b. Suppose p*y - 8*y = -140. What are the prime factors of y?
5, 7
Suppose -l = 5*f + 128, 5*f - 3*l - 17 = -153. Let u be (1 + 1)/(2/45). Let x = u + f. What are the prime factors of x?
19
Suppose 4*y - 32012 = -3*b, 2*y - 2276 = -2*b + 13732. What are the prime factors of y?
2, 5
Suppose 0 = 11*w + 372 - 1186. Suppose 0*r = -r - 4*k + 37, 5*k = -2*r + w. What are the prime factors of r?
37
Suppose -77*x = -80*x + 9. Suppose x*r + 2*f + 1017 = -0*f, 12 = 4*f. Let a = -143 - r. What are the prime factors of a?
2, 3, 11
Let q(h) = 4*h**3 - 5*h**2 - 64*h + 180. List the prime factors of q(15).
3, 5, 773
Let l = -90542 - -151793. What are the prime factors of l?
3, 17, 1201
Let x be 2*(-4)/(-28) + (-3778)/(-7). Let w = x + -254. List the prime factors of w.
2, 11, 13
Let k(h) = -6*h - 22 - 30*h - 71*h. List the prime factors of k(-3).
13, 23
Suppose -2*y + 18 = -4. Let d = -729 + 969. Suppose -y*n + d = -7*n. What are the prime factors of n?
2, 3, 5
Let a = 213 + 0. Let q = 408 - a. What are the prime factors of q?
3, 5, 13
Let l(o) = 2 - 2*o + 82*o**2 + 0*o + o. Let f(m) = m**3 - 7*m**2 - 25*m + 64. Let u be f(9). List the prime factors of l(u).
83
Suppose 0 = 4*x - 2*b - 2, 0 = x + 4*x + 2*b - 25. Suppose -11 = -2*i + 3*n, -5*i - x*n = -0*n + 4. What are the prime factors of (420/i)/5 + (-4 - -2)?
2, 41
Suppose -1180 + 1090 = -6*f. List the prime factors of f/((-390)/1998 - 4/(-18)).
3, 5, 37
Let n = -189 + 174. Let k(f) = 2*f**3 + 32*f**2 + 3*f - 3. List the prime factors of k(n).
2, 3, 67
What are the prime factors of (-98)/28*((-31820)/14 - -2)?
2, 1987
Let l be 1 - -3 - 10/(-15)*-750. Let f = 790 + l. List the prime factors of f.
2, 3, 7
Let z be (10/(-8) - -1) + (-19767)/(-12). Suppose 0 = 3*g + 4*p - z, -6*p + 549 = g - 2*p. What are the prime factors of g?
3, 61
Suppose -l - 437 = -5201. Suppose l = -w + 7*w. List the prime factors of w.
2, 397
Let x(t) = 19*t**2 + 11*t + 80. Let f be x(-6). What are the prime factors of (f - -1) + -2 + (8 - 3)?
2, 3, 13
Let b(t) = 12*t - 8*t - 13*t - 25 - 23. List the prime factors of b(-8).
2, 3
Suppose -q + 398 = -5*x + 7*x, 5*q = x + 2045. Suppose -405*s - 3090 = -q*s. What are the prime factors of s?
2, 5, 103
Let w be (-70)/(-40) + 9/(-12) + 1. Let i(t) = 224*t**2 - 2*t + 1. Let y be i(1). Suppose w*b = 669 - y. List the prime factors of b.
223
Let j = 83895 - 50264. List the prime factors of j.
13, 199
Let t(h) = h**2 - 11*h - 14. Let b be t(12). Let z be 3276/15 - b/(-5). Suppose 2*v = -0*v + z. What are the prime factors of v?
109
Let r = -243 - -267. What are the prime factors of 657 - (r/8 - 0)?
2, 3, 109
Let c = -6443 + 12485. What are the prime factor